{"id":3385,"date":"2021-04-28T09:59:06","date_gmt":"2021-04-28T09:59:06","guid":{"rendered":"https:\/\/royalenfieldlisboa.pt\/web\/?page_id=3385"},"modified":"2023-01-25T10:30:32","modified_gmt":"2023-01-25T10:30:32","slug":"conceptstore-royalenfieldlisboa","status":"publish","type":"page","link":"https:\/\/royalenfieldlisboa.pt\/web\/conceptstore-royalenfieldlisboa\/","title":{"rendered":"Concepstore Zemarks"},"content":{"rendered":"\t\t<div data-elementor-type=\"wp-page\" data-elementor-id=\"3385\" class=\"elementor elementor-3385\" data-elementor-post-type=\"page\">\n\t\t\t\t\t\t<section class=\"elementor-section elementor-top-section elementor-element elementor-element-68e79f2 elementor-section-height-min-height elementor-reverse-mobile elementor-section-boxed elementor-section-height-default elementor-section-items-middle\" data-id=\"68e79f2\" data-element_type=\"section\" data-e-type=\"section\" data-settings=\"{&quot;background_background&quot;:&quot;classic&quot;}\">\n\t\t\t\t\t\t\t<div class=\"elementor-background-overlay\"><\/div>\n\t\t\t\t\t\t\t<div class=\"elementor-container elementor-column-gap-default\">\n\t\t\t\t\t<div class=\"elementor-column elementor-col-100 elementor-top-column elementor-element elementor-element-528a809\" data-id=\"528a809\" data-element_type=\"column\" data-e-type=\"column\">\n\t\t\t<div class=\"elementor-widget-wrap elementor-element-populated\">\n\t\t\t\t\t\t<section class=\"elementor-section elementor-inner-section elementor-element elementor-element-8cb882b elementor-section-boxed elementor-section-height-default elementor-section-height-default\" data-id=\"8cb882b\" data-element_type=\"section\" data-e-type=\"section\">\n\t\t\t\t\t\t<div class=\"elementor-container elementor-column-gap-default\">\n\t\t\t\t\t<div class=\"elementor-column elementor-col-100 elementor-inner-column elementor-element elementor-element-618c8a6\" data-id=\"618c8a6\" data-element_type=\"column\" data-e-type=\"column\">\n\t\t\t<div class=\"elementor-widget-wrap elementor-element-populated\">\n\t\t\t\t\t\t<div class=\"elementor-element elementor-element-49e1fd2 elementor-widget elementor-widget-image\" data-id=\"49e1fd2\" data-element_type=\"widget\" data-e-type=\"widget\" data-widget_type=\"image.default\">\n\t\t\t\t<div class=\"elementor-widget-container\">\n\t\t\t\t\t\t\t\t\t\t\t\t\t\t\t<img fetchpriority=\"high\" decoding=\"async\" width=\"391\" height=\"375\" src=\"https:\/\/royalenfieldlisboa.pt\/web\/wp-content\/uploads\/2019\/08\/madelikeagun.png\" class=\"attachment-full size-full wp-image-376\" alt=\"\" srcset=\"https:\/\/royalenfieldlisboa.pt\/web\/wp-content\/uploads\/2019\/08\/madelikeagun.png 391w, https:\/\/royalenfieldlisboa.pt\/web\/wp-content\/uploads\/2019\/08\/madelikeagun-300x288.png 300w\" sizes=\"(max-width: 391px) 100vw, 391px\" \/>\t\t\t\t\t\t\t\t\t\t\t\t\t\t\t<\/div>\n\t\t\t\t<\/div>\n\t\t\t\t\t<\/div>\n\t\t<\/div>\n\t\t\t\t\t<\/div>\n\t\t<\/section>\n\t\t\t\t<section class=\"elementor-section elementor-inner-section elementor-element elementor-element-76ed920 elementor-section-boxed elementor-section-height-default elementor-section-height-default\" data-id=\"76ed920\" data-element_type=\"section\" data-e-type=\"section\">\n\t\t\t\t\t\t<div class=\"elementor-container elementor-column-gap-extended\">\n\t\t\t\t\t<div class=\"elementor-column elementor-col-50 elementor-inner-column elementor-element elementor-element-7ffc8d7\" data-id=\"7ffc8d7\" data-element_type=\"column\" data-e-type=\"column\">\n\t\t\t<div class=\"elementor-widget-wrap elementor-element-populated\">\n\t\t\t\t\t\t<div class=\"elementor-element elementor-element-2be6a97 elementor-widget elementor-widget-heading\" data-id=\"2be6a97\" data-element_type=\"widget\" data-e-type=\"widget\" data-widget_type=\"heading.default\">\n\t\t\t\t<div class=\"elementor-widget-container\">\n\t\t\t\t\t<h2 class=\"elementor-heading-title elementor-size-default\">Made Like a Gun<\/h2>\t\t\t\t<\/div>\n\t\t\t\t<\/div>\n\t\t\t\t<div class=\"elementor-element elementor-element-8299bde elementor-widget elementor-widget-text-editor\" data-id=\"8299bde\" data-element_type=\"widget\" data-e-type=\"widget\" data-widget_type=\"text-editor.default\">\n\t\t\t\t<div class=\"elementor-widget-container\">\n\t\t\t\t\t\t\t\t\t<p>Criada em 1891, a Royal Enfield tem uma hist\u00f3ria \u00fanica: \u00e9 o mais antigo fabricante de motos no Mundo em produ\u00e7\u00e3o cont\u00ednua. Em 1896 a marca Enfield j\u00e1 era muito conhecida por fabricar bicicletas com o slogan \u201dMade like a gun\u201d, decorrente dos famosos rifles Enfield. Em 1898 desenvolveu o primeiro quadriciclo motorizado, mas foi em 1901 que a Enfield criou o seu primeiro motociclo com um motor de 211cc. Cedo viria a tornar-se num dos maiores fabricantes de Inglaterra implementando v\u00e1rias tecnologias inovadoras para a \u00e9poca: a introdu\u00e7\u00e3o da corrente na transmiss\u00e3o traseira, o c\u00e1rter seco e a as mudan\u00e7as controladas com o p\u00e9.<\/p><h3><strong><span style=\"color: #ff0000;\">A Bullet<\/span><\/strong><\/h3><p>Em 1933 criou a Bullet, o seu mais famoso modelo a 4 tempos que permanece em produ\u00e7\u00e3o e evolu\u00e7\u00e3o at\u00e9 hoje. Em 1945 s\u00e3o lan\u00e7ados no mercado modelos como a Prince de 125cc a 2 tempos introduzindo os garfos telesc\u00f3picos que aumentaram o conforto e a precis\u00e3o na condu\u00e7\u00e3o. Depois de uma significativa participa\u00e7\u00e3o no esfor\u00e7o de guerra ao lado dos aliados a empresa iniciou em 1949 a comercializa\u00e7\u00e3o da Bullet monocil\u00edndrica de 350cc, tendo como novidade a balan\u00e7a traseira Viria assim a ganhar v\u00e1rias competi\u00e7\u00f5es, ampliadas ap\u00f3s 1950 j\u00e1 com o novo motor de 500cc. Com uma longa lista de novidades t\u00e9cnicas e um motor com uma fiabilidade e resist\u00eancia a toda a prova a Royal Enfield imp\u00f4s-se nas pistas refor\u00e7ando o prest\u00edgio e a confian\u00e7a na marca. A Bullet tem hoje um lugar cativo na hist\u00f3ria do motociclismo.<\/p><h3><strong><span style=\"color: #ff0000;\">Inova\u00e7\u00e3o cont\u00ednua<\/span><\/strong><\/h3><p>A marca disp\u00f5e de um moderno e exemplar centro de inova\u00e7\u00e3o e desenvolvimento, n\u00e3o muito longe da sua antiga f\u00e1brica em Redditch. Nos \u00faltimos anos construiu mais duas modernas f\u00e1bricas de raiz em Chennai, no sul da \u00cdndia, n\u00e3o escondendo a ambi\u00e7\u00e3o de ser um dos maiores produtores globais no segmento das m\u00e9dias cilindradas, interpretando o conceito de modernidade e usabilidade, sem prescindir do seu car\u00e1cter, tecnologia de ponta e simplicidade.<\/p>\t\t\t\t\t\t\t\t<\/div>\n\t\t\t\t<\/div>\n\t\t\t\t<div class=\"elementor-element elementor-element-bac0881 elementor-widget elementor-widget-image\" data-id=\"bac0881\" data-element_type=\"widget\" data-e-type=\"widget\" data-widget_type=\"image.default\">\n\t\t\t\t<div class=\"elementor-widget-container\">\n\t\t\t\t\t\t\t\t\t\t\t\t\t\t\t<img decoding=\"async\" width=\"400\" height=\"309\" src=\"https:\/\/royalenfieldlisboa.pt\/web\/wp-content\/uploads\/2022\/01\/classic-conceptstorepage.png\" class=\"attachment-full size-full wp-image-5559\" alt=\"Conceptstore Royal Enfield\" srcset=\"https:\/\/royalenfieldlisboa.pt\/web\/wp-content\/uploads\/2022\/01\/classic-conceptstorepage.png 400w, https:\/\/royalenfieldlisboa.pt\/web\/wp-content\/uploads\/2022\/01\/classic-conceptstorepage-300x232.png 300w\" sizes=\"(max-width: 400px) 100vw, 400px\" \/>\t\t\t\t\t\t\t\t\t\t\t\t\t\t\t<\/div>\n\t\t\t\t<\/div>\n\t\t\t\t\t<\/div>\n\t\t<\/div>\n\t\t\t\t<div class=\"elementor-column elementor-col-50 elementor-inner-column elementor-element elementor-element-043b336\" data-id=\"043b336\" data-element_type=\"column\" data-e-type=\"column\">\n\t\t\t<div class=\"elementor-widget-wrap elementor-element-populated\">\n\t\t\t\t\t\t<div class=\"elementor-element elementor-element-5a9e4c0 elementor-widget elementor-widget-image\" data-id=\"5a9e4c0\" data-element_type=\"widget\" data-e-type=\"widget\" data-widget_type=\"image.default\">\n\t\t\t\t<div class=\"elementor-widget-container\">\n\t\t\t\t\t\t\t\t\t\t\t\t\t\t\t<img decoding=\"async\" width=\"401\" height=\"25\" src=\"https:\/\/royalenfieldlisboa.pt\/web\/wp-content\/uploads\/2021\/04\/logo-conceptstore-white.png\" class=\"attachment-full size-full wp-image-3688\" alt=\"\" srcset=\"https:\/\/royalenfieldlisboa.pt\/web\/wp-content\/uploads\/2021\/04\/logo-conceptstore-white.png 401w, https:\/\/royalenfieldlisboa.pt\/web\/wp-content\/uploads\/2021\/04\/logo-conceptstore-white-300x19.png 300w\" sizes=\"(max-width: 401px) 100vw, 401px\" \/>\t\t\t\t\t\t\t\t\t\t\t\t\t\t\t<\/div>\n\t\t\t\t<\/div>\n\t\t\t\t<div class=\"elementor-element elementor-element-7cf74a3 elementor-widget elementor-widget-text-editor\" data-id=\"7cf74a3\" data-element_type=\"widget\" data-e-type=\"widget\" data-widget_type=\"text-editor.default\">\n\t\t\t\t<div class=\"elementor-widget-container\">\n\t\t\t\t\t\t\t\t\t<p>A <strong>ZEMARKS<\/strong> teve o privil\u00e9gio de abrir a primeira <em><strong>CONCEPTSTORE<\/strong><\/em> nacional com o design global da Royal Enfield<strong>. <\/strong>O novo showroom em Lisboa interpreta o esp\u00edrito lend\u00e1rio da marca privilegiando o conv\u00edvio com os entusiastas e propriet\u00e1rios, lado a lado com os diversos modelos da Royal Enfield que tamb\u00e9m podem ser experimentados num Test Ride. O p\u00f3s-venda \u00e9 garantido por t\u00e9cnicos com forma\u00e7\u00e3o espec\u00edfica, em oficina nas mesmas instala\u00e7\u00f5es.<\/p>\t\t\t\t\t\t\t\t<\/div>\n\t\t\t\t<\/div>\n\t\t\t\t<div class=\"elementor-element elementor-element-a3556ec elementor-widget elementor-widget-image\" data-id=\"a3556ec\" data-element_type=\"widget\" data-e-type=\"widget\" data-widget_type=\"image.default\">\n\t\t\t\t<div class=\"elementor-widget-container\">\n\t\t\t\t\t\t\t\t\t\t\t\t\t\t\t<img loading=\"lazy\" decoding=\"async\" width=\"955\" height=\"303\" src=\"https:\/\/royalenfieldlisboa.pt\/web\/wp-content\/uploads\/2021\/04\/zemarks_cinzaclaro.png\" class=\"attachment-full size-full wp-image-3398\" alt=\"\" srcset=\"https:\/\/royalenfieldlisboa.pt\/web\/wp-content\/uploads\/2021\/04\/zemarks_cinzaclaro.png 955w, https:\/\/royalenfieldlisboa.pt\/web\/wp-content\/uploads\/2021\/04\/zemarks_cinzaclaro-300x95.png 300w, https:\/\/royalenfieldlisboa.pt\/web\/wp-content\/uploads\/2021\/04\/zemarks_cinzaclaro-768x244.png 768w\" sizes=\"(max-width: 955px) 100vw, 955px\" \/>\t\t\t\t\t\t\t\t\t\t\t\t\t\t\t<\/div>\n\t\t\t\t<\/div>\n\t\t\t\t<div class=\"elementor-element elementor-element-a593976 elementor-widget elementor-widget-image\" data-id=\"a593976\" data-element_type=\"widget\" data-e-type=\"widget\" data-widget_type=\"image.default\">\n\t\t\t\t<div class=\"elementor-widget-container\">\n\t\t\t\t\t\t\t\t\t\t\t\t\t\t\t<img loading=\"lazy\" decoding=\"async\" width=\"450\" height=\"756\" src=\"https:\/\/royalenfieldlisboa.pt\/web\/wp-content\/uploads\/2021\/05\/conceptstore_abril_2021_6.jpg\" class=\"attachment-full size-full wp-image-4164\" alt=\"\" srcset=\"https:\/\/royalenfieldlisboa.pt\/web\/wp-content\/uploads\/2021\/05\/conceptstore_abril_2021_6.jpg 450w, https:\/\/royalenfieldlisboa.pt\/web\/wp-content\/uploads\/2021\/05\/conceptstore_abril_2021_6-179x300.jpg 179w\" sizes=\"(max-width: 450px) 100vw, 450px\" \/>\t\t\t\t\t\t\t\t\t\t\t\t\t\t\t<\/div>\n\t\t\t\t<\/div>\n\t\t\t\t<div class=\"elementor-element elementor-element-bdab56b elementor-widget elementor-widget-image\" data-id=\"bdab56b\" data-element_type=\"widget\" data-e-type=\"widget\" data-widget_type=\"image.default\">\n\t\t\t\t<div class=\"elementor-widget-container\">\n\t\t\t\t\t\t\t\t\t\t\t\t\t\t\t<img loading=\"lazy\" decoding=\"async\" width=\"950\" height=\"654\" src=\"https:\/\/royalenfieldlisboa.pt\/web\/wp-content\/uploads\/2021\/05\/conceptstore_abril_2021_5.jpg\" class=\"attachment-full size-full wp-image-4112\" alt=\"\" srcset=\"https:\/\/royalenfieldlisboa.pt\/web\/wp-content\/uploads\/2021\/05\/conceptstore_abril_2021_5.jpg 950w, https:\/\/royalenfieldlisboa.pt\/web\/wp-content\/uploads\/2021\/05\/conceptstore_abril_2021_5-300x207.jpg 300w, https:\/\/royalenfieldlisboa.pt\/web\/wp-content\/uploads\/2021\/05\/conceptstore_abril_2021_5-768x529.jpg 768w\" sizes=\"(max-width: 950px) 100vw, 950px\" \/>\t\t\t\t\t\t\t\t\t\t\t\t\t\t\t<\/div>\n\t\t\t\t<\/div>\n\t\t\t\t\t<\/div>\n\t\t<\/div>\n\t\t\t\t\t<\/div>\n\t\t<\/section>\n\t\t\t\t\t<\/div>\n\t\t<\/div>\n\t\t\t\t\t<\/div>\n\t\t<\/section>\n\t\t\t\t<section class=\"elementor-section elementor-top-section elementor-element elementor-element-54b566c3 elementor-section-content-middle elementor-hidden-desktop elementor-hidden-tablet elementor-hidden-phone elementor-section-boxed elementor-section-height-default elementor-section-height-default\" data-id=\"54b566c3\" data-element_type=\"section\" data-e-type=\"section\" data-settings=\"{&quot;background_background&quot;:&quot;classic&quot;}\">\n\t\t\t\t\t\t<div class=\"elementor-container elementor-column-gap-no\">\n\t\t\t\t\t<div class=\"elementor-column elementor-col-100 elementor-top-column elementor-element elementor-element-4c16c779\" data-id=\"4c16c779\" data-element_type=\"column\" data-e-type=\"column\">\n\t\t\t<div class=\"elementor-widget-wrap elementor-element-populated\">\n\t\t\t\t\t\t<div class=\"elementor-element elementor-element-72e0ee2f elementor-widget elementor-widget-heading\" data-id=\"72e0ee2f\" data-element_type=\"widget\" data-e-type=\"widget\" data-widget_type=\"heading.default\">\n\t\t\t\t<div class=\"elementor-widget-container\">\n\t\t\t\t\t<h4 class=\"elementor-heading-title elementor-size-default\">M\u00e1quinas e emo\u00e7\u00f5es ao vivo<\/h4>\t\t\t\t<\/div>\n\t\t\t\t<\/div>\n\t\t\t\t<div class=\"elementor-element elementor-element-5c0c5fd3 elementor-widget elementor-widget-text-editor\" data-id=\"5c0c5fd3\" data-element_type=\"widget\" data-e-type=\"widget\" data-widget_type=\"text-editor.default\">\n\t\t\t\t<div class=\"elementor-widget-container\">\n\t\t\t\t\t\t\t\t\t<p>Venha \u00e0 nova Loja de Design da Zemarks, onde pode ver e sentir o car\u00e1cter forte e a personalidade \u00edmpar dos modelos Royal Enfield.<\/p>\t\t\t\t\t\t\t\t<\/div>\n\t\t\t\t<\/div>\n\t\t\t\t<div class=\"elementor-element elementor-element-f1d3c19 elementor-widget elementor-widget-image\" data-id=\"f1d3c19\" data-element_type=\"widget\" data-e-type=\"widget\" data-widget_type=\"image.default\">\n\t\t\t\t<div class=\"elementor-widget-container\">\n\t\t\t\t\t\t\t\t\t\t\t\t\t\t\t<img decoding=\"async\" src=\"https:\/\/royalenfieldlisboa.pt\/web\/wp-content\/uploads\/2019\/08\/showroom_7.jpg\" title=\"\" alt=\"\" loading=\"lazy\" \/>\t\t\t\t\t\t\t\t\t\t\t\t\t\t\t<\/div>\n\t\t\t\t<\/div>\n\t\t\t\t<div class=\"elementor-element elementor-element-62e3ad1 elementor-widget elementor-widget-text-editor\" data-id=\"62e3ad1\" data-element_type=\"widget\" data-e-type=\"widget\" data-widget_type=\"text-editor.default\">\n\t\t\t\t<div class=\"elementor-widget-container\">\n\t\t\t\t\t\t\t\t\t<p><b>Cal\u00e7ada da Boa Hora, 86 A e B<br \/><\/b><b>1300-096\u200b Lisboa<br \/><\/b><b>Fixo: 214 392 557<br \/><\/b><strong>Segunda a s\u00e1bado, das 9h \u00e0s 13h e das 14h \u00e0s 18h<\/strong><\/p>\t\t\t\t\t\t\t\t<\/div>\n\t\t\t\t<\/div>\n\t\t\t\t\t<\/div>\n\t\t<\/div>\n\t\t\t\t\t<\/div>\n\t\t<\/section>\n\t\t\t\t<\/div>\n\t\t","protected":false},"excerpt":{"rendered":"<p>Made Like a Gun Criada em 1891, a Royal Enfield tem uma hist\u00f3ria \u00fanica: \u00e9 o mais antigo fabricante de motos no Mundo em produ\u00e7\u00e3o cont\u00ednua. Em 1896 a marca Enfield j\u00e1 era muito conhecida por fabricar bicicletas com o slogan \u201dMade like a gun\u201d, decorrente dos famosos rifles Enfield. Em 1898 desenvolveu o primeiro [&hellip;]<\/p>\n","protected":false},"author":1,"featured_media":0,"parent":0,"menu_order":2,"comment_status":"closed","ping_status":"closed","template":"elementor_header_footer","meta":{"site-sidebar-layout":"no-sidebar","site-content-layout":"page-builder","ast-site-content-layout":"default","site-content-style":"default","site-sidebar-style":"default","ast-global-header-display":"","ast-banner-title-visibility":"","ast-main-header-display":"disabled","ast-hfb-above-header-display":"","ast-hfb-below-header-display":"","ast-hfb-mobile-header-display":"","site-post-title":"disabled","ast-breadcrumbs-content":"disabled","ast-featured-img":"disabled","footer-sml-layout":"","theme-transparent-header-meta":"default","adv-header-id-meta":"","stick-header-meta":"default","header-above-stick-meta":"","header-main-stick-meta":"","header-below-stick-meta":"","astra-migrate-meta-layouts":"default","ast-page-background-enabled":"default","ast-page-background-meta":{"desktop":{"background-color":"","background-image":"","background-repeat":"repeat","background-position":"center center","background-size":"auto","background-attachment":"scroll","background-type":"","background-media":"","overlay-type":"","overlay-color":"","overlay-opacity":"","overlay-gradient":""},"tablet":{"background-color":"","background-image":"","background-repeat":"repeat","background-position":"center center","background-size":"auto","background-attachment":"scroll","background-type":"","background-media":"","overlay-type":"","overlay-color":"","overlay-opacity":"","overlay-gradient":""},"mobile":{"background-color":"","background-image":"","background-repeat":"repeat","background-position":"center center","background-size":"auto","background-attachment":"scroll","background-type":"","background-media":"","overlay-type":"","overlay-color":"","overlay-opacity":"","overlay-gradient":""}},"ast-content-background-meta":{"desktop":{"background-color":"var(--ast-global-color-5)","background-image":"","background-repeat":"repeat","background-position":"center center","background-size":"auto","background-attachment":"scroll","background-type":"","background-media":"","overlay-type":"","overlay-color":"","overlay-opacity":"","overlay-gradient":""},"tablet":{"background-color":"var(--ast-global-color-5)","background-image":"","background-repeat":"repeat","background-position":"center center","background-size":"auto","background-attachment":"scroll","background-type":"","background-media":"","overlay-type":"","overlay-color":"","overlay-opacity":"","overlay-gradient":""},"mobile":{"background-color":"var(--ast-global-color-5)","background-image":"","background-repeat":"repeat","background-position":"center center","background-size":"auto","background-attachment":"scroll","background-type":"","background-media":"","overlay-type":"","overlay-color":"","overlay-opacity":"","overlay-gradient":""}},"footnotes":""},"class_list":["post-3385","page","type-page","status-publish","hentry"],"_links":{"self":[{"href":"https:\/\/royalenfieldlisboa.pt\/web\/wp-json\/wp\/v2\/pages\/3385","targetHints":{"allow":["GET"]}}],"collection":[{"href":"https:\/\/royalenfieldlisboa.pt\/web\/wp-json\/wp\/v2\/pages"}],"about":[{"href":"https:\/\/royalenfieldlisboa.pt\/web\/wp-json\/wp\/v2\/types\/page"}],"author":[{"embeddable":true,"href":"https:\/\/royalenfieldlisboa.pt\/web\/wp-json\/wp\/v2\/users\/1"}],"replies":[{"embeddable":true,"href":"https:\/\/royalenfieldlisboa.pt\/web\/wp-json\/wp\/v2\/comments?post=3385"}],"version-history":[{"count":0,"href":"https:\/\/royalenfieldlisboa.pt\/web\/wp-json\/wp\/v2\/pages\/3385\/revisions"}],"wp:attachment":[{"href":"https:\/\/royalenfieldlisboa.pt\/web\/wp-json\/wp\/v2\/media?parent=3385"}],"curies":[{"name":"wp","href":"https:\/\/api.w.org\/{rel}","templated":true}]}}